-6).
17
Suppose j + 2*j + 12 = 3*f, 3*f - 24 = -j. Let l(p) = 28*p + 15. Let k be l(f). Suppose z - 3*t + 7*t = 34, 0 = 4*z + t - k. What are the prime factors of z?
2, 3
Suppose -5*o + 20 = -5*h, -4*h + 3*o - 3 = 9. Suppose 0*u - 4*u = 4, -5*r + u + 431 = h. What are the prime factors of r?
2, 43
Suppose -f + 23 = 5*n, -3*f - 1 = -2*n + 15. Let z be (-129)/(15/12 + f). Suppose 0 = -j + 5*j - z. What are the prime factors of j?
43
Let p(u) = 12 + 9 - 7 - 10*u. Let w be p(-8). Suppose -4*j - 3*i + 189 = 0, 2*j + 2*i + 0*i = w. What are the prime factors of j?
2, 3
Let k = 340 + 230. List the prime factors of k.
2, 3, 5, 19
Let a = 857 - -98. List the prime factors of a.
5, 191
List the prime factors of 2/(-5)*(5 + 100*-2).
2, 3, 13
Let t(u) = 202*u**2 - 17*u - 4. List the prime factors of t(-2).
2, 419
Let s = -288 + 1116. List the prime factors of s.
2, 3, 23
Let c = -19 + 24. Suppose c*b = 4*b + 1. What are the prime factors of b/6 - (-478)/12?
2, 5
Let j be (1 - (-3 - -1)) + -8. Let v(l) = -14*l + 7. List the prime factors of v(j).
7, 11
Suppose 34*y - 43 = 93. Let l = 102 - -47. Suppose 9 = -y*z + l. What are the prime factors of z?
5, 7
Let i(x) = 176*x - 5. List the prime factors of i(9).
1579
Let s(l) = 40*l**2 + 39*l - 343. What are the prime factors of s(12)?
5, 11, 107
Let f(m) = m - 18*m + 3*m - 3*m - 9. List the prime factors of f(-6).
3, 31
List the prime factors of 206/618 - ((-4076)/3 - 1).
2, 5, 17
Let v(m) = -3*m**3 - 10*m**2 - 8*m - 57. List the prime factors of v(-9).
2, 3, 29
Suppose 7*h = -81 - 87. Let x = h + 34. What are the prime factors of x?
2, 5
Let q = 11 + -2. Let v(g) = -g**2 - 6*g + 9. Let y be v(-6). Let s = y + q. What are the prime factors of s?
2, 3
Let o = -4704 + 7422. List the prime factors of o.
2, 3, 151
Let c(m) = -m**3 - m**2 - 21. Let g be c(0). Let i be (-3)/12 + g/(-4). Suppose i*d - 6 = 4*d. List the prime factors of d.
2, 3
Let h be (-3 - -1)/2 + 3. Suppose -5*p + t = h*t - 30, -30 = -5*p + 5*t. What are the prime factors of p?
2, 3
Let b be 4*(3 - 2) - 0. Suppose z + 2 = -b*d, 0*d - 5*d = -z + 7. Suppose -4 = 3*c - z*c - 2*p, -3 = -p. List the prime factors of c.
2
Let r = -1 + -6. Let f be (4 + r - -2) + -69. Let c = 100 + f. List the prime factors of c.
2, 3, 5
List the prime factors of (-2 - -1 - -586) + (10 - 15).
2, 5, 29
Let u be (8 - 8)/(-4 - -2). Suppose -4*y = -u - 4. List the prime factors of 108/9 - (y - 0).
11
Let a(v) = -8*v - 4. Let p(x) = -7*x - 4. Let r(t) = -4*a(t) + 5*p(t). Let k(d) = d. Let n be k(-3). List the prime factors of r(n).
5
Suppose -s + 1658 = -4*b, 2*s = 8*b - 12*b + 3328. What are the prime factors of s?
2, 3, 277
Let p(c) = 4*c**3 - 3*c**2 + c + 2. Let a be p(2). Suppose -4*t = -a - 4. Suppose -3*b = -t - 68. What are the prime factors of b?
5
Let c(t) = -t + 36. Let x be 0*(1 - (-3)/(-2)). Let a be c(x). What are the prime factors of (-8)/a - (-155)/9?
17
Suppose 0 = 2*s - 0*s + 4*t - 12, 2*s - 6 = -t. Let n be (((-80)/(-4))/s)/2. Suppose 0 = n*c - 4*c - 2. List the prime factors of c.
2
Let h = -22 - -26. Let y be (-27)/(-1) - (-5 + h). Suppose -a = -2*a + y. What are the prime factors of a?
2, 7
Let p(n) = 13*n**3 - 5*n**2 - 17*n - 26. What are the prime factors of p(5)?
3, 463
Let o(d) = 7*d - 13. Let w be (-2)/((-11)/(275/10)). List the prime factors of o(w).
2, 11
Let k = -67 + 40. Let s = 72 + k. List the prime factors of s.
3, 5
Let m(c) = c**2 + 12*c + 24. Let o(g) = g**3 - 2*g + 10. Let j be o(0). What are the prime factors of m(j)?
2, 61
Let i = 4128 - 2802. List the prime factors of i.
2, 3, 13, 17
Let j(w) = -31*w + 86. Let f be j(-23). Suppose -5*z + 536 = -f. List the prime factors of z.
3, 89
Suppose s + 825 = 6*s - y, -3*s + 477 = 3*y. Let j = s + -47. List the prime factors of j.
3, 13
List the prime factors of ((-3)/(-2))/((-4)/(-2232)).
3, 31
Let s(r) = 2*r**2 - 4 - 118*r - 6 + 4 + 126*r. List the prime factors of s(-9).
2, 3, 7
List the prime factors of (-1)/(-3) - 36505/(-45)*3.
2, 1217
Let q = -553 - -554. Let u(z) = 44*z**2 + 0 + 2 - 3*z - 15*z**2. What are the prime factors of u(q)?
2, 7
Suppose -5*b + b = -1620. List the prime factors of b.
3, 5
Suppose -2*v + 12 = -8. Suppose v = w - 0*w. List the prime factors of w.
2, 5
Suppose -11*w = -14*w + 423. Suppose 2*q - 15 - 41 = g, 5*q - w = 3*g. Suppose 0 = 7*k - 6*k - q. List the prime factors of k.
3
Let a(y) = -y**3 - 5*y**2 - y + 976. List the prime factors of a(0).
2, 61
Let r be (-2)/(2/6*2). Let o be (-2)/(-3) + (-916)/r. What are the prime factors of (-4)/6*o/(-6)?
2, 17
Let v(l) = -6*l**3 - 11*l**2 - 11*l - 99. Let k(d) = d**3 + 2*d**2 + 2*d + 20. Let b(r) = 11*k(r) + 2*v(r). What are the prime factors of b(0)?
2, 11
Let b be 39/3 + (3 - 5). Let i(z) be the second derivative of -z**5/20 + z**4 - 2*z**3/3 - 7*z**2/2 - 9*z. What are the prime factors of i(b)?
2, 5, 7
Let g be (-290)/(-7) - (0 - (-12)/(-21)). Let d = 246 - g. What are the prime factors of d?
2, 3, 17
What are the prime factors of ((-86)/(-4))/(41/902)?
11, 43
Let q(v) = 156*v - 73. What are the prime factors of q(9)?
11
Suppose -26 = r - 3*r. Suppose -v + d = -r, 5*v + 0*d - 75 = 3*d. Suppose 4*k - 66 = -v. What are the prime factors of k?
2, 3
Suppose 4*g + 6 = 3*n + 183, 0 = -4*g - 3*n + 159. Suppose g*p - 116 = 38*p. List the prime factors of p.
29
Let a(r) = 3*r**2 + r**3 + 16 - 17 - 8 + 8*r + 8*r**2. Suppose 4*i - 2*s = -55 + 15, -4*s - 10 = i. List the prime factors of a(i).
11
Suppose 8*h - 12*h + 24 = 0. Suppose -3*k = -h*k + 75. List the prime factors of k.
5
Let i be (-1)/(-1*1/3). Suppose -8 = 3*z - i*t - 68, -5*z - t = -124. Suppose 0 = -o + 3*o - z. List the prime factors of o.
2, 3
Suppose -191*l + 3370 = -181*l. What are the prime factors of l?
337
Let k = -23 + 43. Let v = -11 + k. What are the prime factors of 13/((36/16)/v)?
2, 13
List the prime factors of (59/4)/(366/72 - 5).
3, 59
Let d(p) = -5*p - p + 8 - 27. What are the prime factors of d(-9)?
5, 7
Suppose 0 = -4*i - 33 + 417. Let j = i + -37. What are the prime factors of j?
59
Let i(j) = j**2 + 5*j + 81. What are the prime factors of i(-37)?
5, 11, 23
Let g = 21 - 16. Suppose 6*m - g*m = 14. List the prime factors of m.
2, 7
Let w = 784 - 532. Suppose -5*p - w = -8*p. List the prime factors of p.
2, 3, 7
List the prime factors of 33/11 + (856/2)/2.
7, 31
Let f = -101 - -86. Let o = f - -27. What are the prime factors of o?
2, 3
Let u(p) = 4*p**2 + 31*p + 254. List the prime factors of u(-17).
883
Let g = -317 + 509. List the prime factors of g.
2, 3
Let v = -31 - -41. Let c = v - -4. Suppose 4*l - 14 = c. List the prime factors of l.
7
Suppose -5*t + 1051 + 2344 = 0. Suppose 8 = 2*h, -t = -5*x + 4*h - 10. Suppose 4*j = -a + x, 3*a - 114 = -3*j - 0*j. What are the prime factors of j?
3, 11
Let s be (-3)/(-5) + 33840/100. Suppose 5*b + 99 = s. List the prime factors of b.
2, 3
Suppose -3*i + 3 = -0. Let h(y) = -3*y + 1. Let k(a) = -a + 1. Let j(p) = i*h(p) - 4*k(p). List the prime factors of j(5).
2
Let u(n) = n**3 - 6*n**2 - 33*n - 2. List the prime factors of u(11).
2, 3, 5
Suppose 0 = -p - 17 + 8. List the prime factors of p/(-2)*(-4 - 224/(-21)).
2, 3, 5
Let i(s) = -s**3 + 11*s**2 - s + 14. Let v be i(11). Suppose -v*m - 2*w + 409 = 0, 5*w - 229 - 451 = -5*m. What are the prime factors of m?
137
Suppose -600 + 2139 = x. What are the prime factors of x?
3, 19
Let g = 82 + -77. What are the prime factors of 156 + g*(-3)/(-5)?
3, 53
Suppose -3*z + 3*n = -447, 4*z - 2*n - 3*n = 598. What are the prime factors of -1 + (z - 1*0/2)?
2, 73
Let l(q) = 12*q + 120. What are the prime factors of l(-6)?
2, 3
Let v = 4331 - 3023. List the prime factors of v.
2, 3, 109
Let w = 19 + -13. Suppose -w*a + 3 = -5*a. What are the prime factors of 3/2*(5 + a)?
2, 3
Suppose -973*r = -955*r - 38178. List the prime factors of r.
3, 7, 101
Let u(g) = 6*g**2 - 6*g + 1 + 3*g + 0. Suppose 0 = 6*t - t - 10. What are the prime factors of u(t)?
19
List the prime factors of ((-1095)/10)/((-51)/340).
2, 5, 73
Let d = 47 + -29. Let o = -18 + d. Suppose 3*s - 23 - 127 = o. List the prime factors of s.
2, 5
Let p be 5/2*(-140)/(-7). Suppose -5*o + 10*o = p. List the prime factors of o.
2, 5
Let a = -33 - -58. Let v = a - 25. Suppose -5*j - d = -52, -j + 3*d - 8*d - 4 = v. W